r when 4964 is divided by 15.
14
Calculate the remainder when 17 is divided by 4.
1
What is the remainder when 960 is divided by 41?
17
Calculate the remainder when 302 is divided by 53.
37
Calculate the remainder when 2180 is divided by 104.
100
Calculate the remainder when 541 is divided by 11.
2
What is the remainder when 220 is divided by 32?
28
Calculate the remainder when 496 is divided by 496.
0
Calculate the remainder when 410 is divided by 128.
26
Calculate the remainder when 509 is divided by 90.
59
What is the remainder when 1053 is divided by 222?
165
What is the remainder when 273 is divided by 55?
53
Calculate the remainder when 244 is divided by 121.
2
What is the remainder when 95 is divided by 81?
14
What is the remainder when 155 is divided by 89?
66
Calculate the remainder when 615 is divided by 25.
15
What is the remainder when 507 is divided by 48?
27
What is the remainder when 267 is divided by 22?
3
What is the remainder when 1525 is divided by 89?
12
What is the remainder when 65 is divided by 36?
29
Calculate the remainder when 679 is divided by 85.
84
What is the remainder when 7612 is divided by 54?
52
Calculate the remainder when 249 is divided by 23.
19
What is the remainder when 31 is divided by 21?
10
Calculate the remainder when 3239 is divided by 295.
289
What is the remainder when 169 is divided by 25?
19
Calculate the remainder when 300 is divided by 17.
11
Calculate the remainder when 821 is divided by 171.
137
Calculate the remainder when 131 is divided by 5.
1
What is the remainder when 840 is divided by 212?
204
What is the remainder when 461 is divided by 11?
10
What is the remainder when 189 is divided by 2?
1
Calculate the remainder when 375 is divided by 14.
11
Calculate the remainder when 4572 is divided by 17.
16
What is the remainder when 217 is divided by 57?
46
What is the remainder when 137 is divided by 127?
10
Calculate the remainder when 68 is divided by 40.
28
Calculate the remainder when 16827 is divided by 165.
162
What is the remainder when 2728 is divided by 12?
4
What is the remainder when 32 is divided by 16?
0
What is the remainder when 680 is divided by 42?
8
Calculate the remainder when 769 is divided by 154.
153
Calculate the remainder when 1280 is divided by 43.
33
Calculate the remainder when 613 is divided by 19.
5
Calculate the remainder when 9 is divided by 5.
4
What is the remainder when 74 is divided by 40?
34
What is the remainder when 2215 is divided by 8?
7
What is the remainder when 81 is divided by 13?
3
What is the remainder when 3380 is divided by 38?
36
Calculate the remainder when 178 is divided by 30.
28
Calculate the remainder when 307 is divided by 11.
10
Calculate the remainder when 701 is divided by 3.
2
Calculate the remainder when 848 is divided by 39.
29
What is the remainder when 165 is divided by 12?
9
Calculate the remainder when 1062 is divided by 352.
6
Calculate the remainder when 873 is divided by 52.
41
Calculate the remainder when 104 is divided by 37.
30
What is the remainder when 9290 is divided by 169?
164
What is the remainder when 220 is divided by 57?
49
Calculate the remainder when 249 is divided by 108.
33
Calculate the remainder when 921 is divided by 77.
74
What is the remainder when 656 is divided by 28?
12
What is the remainder when 956 is divided by 298?
62
Calculate the remainder when 2558 is divided by 142.
2
What is the remainder when 12741 is divided by 54?
51
Calculate the remainder when 337 is divided by 318.
19
Calculate the remainder when 660 is divided by 39.
36
What is the remainder when 341 is divided by 80?
21
What is the remainder when 49 is divided by 4?
1
What is the remainder when 535 is divided by 67?
66
Calculate the remainder when 81 is divided by 24.
9
What is the remainder when 423 is divided by 390?
33
What is the remainder when 231 is divided by 85?
61
What is the remainder when 203 is divided by 47?
15
What is the remainder when 648 is divided by 18?
0
Calculate the remainder when 3299 is divided by 110.
109
What is the remainder when 8799 is divided by 119?
112
What is the remainder when 627 is divided by 310?
7
Calculate the remainder when 3188 is divided by 76.
72
Calculate the remainder when 55 is divided by 3.
1
What is the remainder when 2100 is divided by 288?
84
Calculate the remainder when 928 is divided by 24.
16
Calculate the remainder when 5475 is divided by 166.
163
Calculate the remainder when 148 is divided by 19.
15
What is the remainder when 60 is divided by 43?
17
What is the remainder when 99 is divided by 33?
0
What is the remainder when 3272 is divided by 84?
80
What is the remainder when 7059 is divided by 17?
4
What is the remainder when 143 is divided by 40?
23
Calculate the remainder when 165 is divided by 28.
25
Calculate the remainder when 892 is divided by 47.
46
Calculate the remainder when 685 is divided by 54.
37
Calculate the remainder when 457 is divided by 17.
15
Calculate the remainder when 101 is divided by 61.
40
What is the remainder when 2557 is divided by 64?
61
Calculate the remainder when 80 is divided by 22.
14
What is the remainder when 1021 is divided by 16?
13
Calculate the remainder when 140 is divided by 38.
26
Calculate the remainder when 63 is divided by 25.
13
What is the remainder when 46 is divided by 7?
4
Calculate the remainder when 1064 is divided by 17.
10
What is the remainder when 182 is divided by 92?
90
What is the remainder when 170 is divided by 19?
18
What is the remainder when 306 is divided by 52?
46
What is the remainder when 334 is divided by 76?
30
What is the remainder when 4222 is divided by 12?
10
Calculate the remainder when 1373 is divided by 16.
13
Calculate the remainder when 523 is divided by 15.
13
Calculate the remainder when 99 is divided by 45.
9
What is the remainder when 406 is divided by 68?
66
What is the remainder when 81 is divided by 22?
15
What is the remainder when 836 is divided by 84?
80
Calculate the remainder when 6400 is divided by 22.
20
Calculate the remainder when 1262 is divided by 181.
176
What is the remainder when 6942 is divided by 46?
42
What is the remainder when 1247 is divided by 16?
15
What is the remainder when 244 is divided by 69?
37
What is the remainder when 297 is divided by 51?
42
What is the remainder when 5087 is divided by 565?
2
Calculate the remainder when 41 is divided by 30.
11
Calculate the remainder when 922 is divided by 37.
34
Calculate the remainder when 217 is divided by 23.
10
Calculate the remainder when 2618 is divided by 430.
38
Calculate the remainder when 167 is divided by 25.
17
Calculate the remainder when 11 is divided by 11.
0
What is the remainder when 97 is divided by 75?
22
What is the remainder when 6461 is divided by 101?
98
Calculate the remainder when 287 is divided by 36.
35
Calculate the remainder when 661 is divided by 196.
73
Calculate the remainder when 259 is divided by 3.
1
Calculate the remainder when 2726 is divided by 4.
2
What is the remainder when 19 is divided by 4?
3
Calculate the remainder when 108 is divided by 29.
21
What is the remainder when 111 is divided by 46?
19
Calculate the remainder when 760 is divided by 373.
14
Calculate the remainder when 590 is divided by 55.
40
What is the remainder when 1470 is divided by 63?
21
What is the remainder when 62 is divided by 21?
20
Calculate the remainder when 796 is divided by 16.
12
Calculate the remainder when 210 is divided by 73.
64
What is the remainder when 39 is divided by 5?
4
Calculate the remainder when 1018 is divided by 30.
28
What is the remainder when 5571 is divided by 1854?
9
Calculate the remainder when 289 is divided by 271.
18
What is the remainder when 782 is divided by 39?
2
Calculate the remainder when 3295 is divided by 97.
94
What is the remainder when 629 is divided by 18?
17
What is the remainder when 210 is divided by 99?
12
What is the remainder when 1884 is divided by 16?
12
What is the remainder when 169 is divided by 10?
9
Calculate the remainder when 537 is divided by 60.
57
What is the remainder when 168 is divided by 72?
24
What is the remainder when 1821 is divided by 453?
9
Calculate the remainder when 1329 is divided by 148.
145
What is the remainder when 839 is divi